*y + 53*y - 515. Calculate the greatest common divisor of 4995 and y.
135
Suppose 21*d = 23*d + c - 5, 5*d - 7 = 3*c. Suppose d*h + 5*r - 239 = 0, 4*r = 3*h + 86 - 433. What is the greatest common factor of h and 63?
9
Let h(q) = q**3 + 67*q**2 + 697*q + 114. Let f be h(-53). Calculate the greatest common divisor of f and 63.
21
Suppose 3*s = 4*s - 8*s. Suppose s = -3*h + 18 - 15. Suppose -h = -5*u + 4*u. What is the highest common factor of u and 12?
1
Let x be (-15 + 1011)*(-7 - (-6 - 2)). What is the greatest common factor of 60 and x?
12
Suppose -125*j = 2390 - 10390. Calculate the greatest common divisor of j and 6.
2
Suppose -q - q - 7945 = -8133. What is the greatest common divisor of 13066 and q?
94
Suppose 4*z = 5*v - 11, -3*z - 2 - 4 = -3*v. Let c(m) = -v*m - 11 - 1 - 8. Let n be c(-8). Calculate the greatest common factor of 6 and n.
2
Let u = 9702 - 9666. Calculate the highest common factor of u and 1740.
12
Suppose -514*l = -522*l + 728. Let q be (-3)/12*50*-2 + -4. What is the greatest common factor of l and q?
7
Let t = -3143 + 3183. Let d(u) = -16*u. Let y be d(-6). What is the highest common divisor of y and t?
8
Let j be 126 - (1 + 2 + -2). Suppose -17*z = 4*z + z - 110. What is the highest common divisor of z and j?
5
Let c be (1 + -4 - -3)/2. Suppose c = -x - 6*x - 35. Let d(n) = 2*n**2 - 5*n - 3. Let l be d(x). What is the highest common divisor of 12 and l?
12
Let d = 8571 + -8563. Let a be 23 - (-4)/(8/(-6)). Calculate the greatest common divisor of d and a.
4
Let n(s) = 6*s**2 + 5*s - 4. Let i be n(4). Let o = -296551 - -297223. What is the highest common divisor of o and i?
112
Let f be -1 + 0 + 279/558 - (-1142)/4. What is the greatest common factor of f and 70?
5
Let i = -51 + 51. Suppose i = 27*q + 2*q - 6815. Calculate the greatest common divisor of q and 47.
47
Let c be (-10 + (-8388)/90)*5/(-2). What is the highest common factor of 21027 and c?
129
Suppose -1355 = -5*v - 0*v - 5*w, -4*v - 3*w = -1079. Let x = -121137 - -121151. What is the highest common divisor of v and x?
14
Let i = -154 - -283. Let j(w) = 2*w**2 + 7*w + 8. Let t be j(-1). Calculate the highest common factor of i and t.
3
Suppose 0 = -3*u - 6, 374*j - 5*u + 38 = 376*j. Calculate the greatest common divisor of j and 4376.
8
Suppose 0 = 36*t + 288 - 1152. Let w(z) = -z**3 + 2*z**2 - 5*z - 1. Let a be w(-4). Suppose -3*j = -a + 7. Calculate the highest common divisor of j and t.
12
Suppose 4*w + 2*s = 1366, -30 = w - 4*s - 358. Calculate the highest common divisor of 4148 and w.
68
Suppose 101*w = -102*w + 3045. Suppose -t = -5 - 0. What is the highest common factor of t and w?
5
Suppose -648 = 250*k - 277*k. Calculate the highest common factor of 200 and k.
8
Suppose -4*k - m + 49 = 0, -701 = k + 5*m - 699. What is the highest common divisor of 585 and k?
13
Let i be (-1 + 0)*-2*4. Let x(m) = -3*m + 39. Let a be x(13). Suppose 9*b - 5*b - 736 = a. Calculate the greatest common factor of b and i.
8
Let z be (-6)/9 + (-25)/((-450)/372). Calculate the greatest common divisor of z and 4855.
5
Let p(i) = 34*i + 10. Let t be p(6). Let q = -142 + t. Suppose -811 = -11*l + 1169. Calculate the highest common factor of q and l.
36
Let t = 67 - -4704. What is the greatest common divisor of 13 and t?
13
Let d(x) = -8*x - 46. Let v be d(-5). Let z be v*1/4*-26. Calculate the greatest common factor of z and 429.
39
Let l(h) = 2*h**2 + 10*h + 120. Let f be l(-8). Calculate the greatest common factor of 378 and f.
42
Let r be 2/4*(-3610)/(-19). Suppose 0 = -r*l + 98*l - 159. What is the greatest common divisor of 1 and l?
1
Let u(d) = 12*d - 216. Let l be u(20). Let h be (l/(-40))/((4 + -3)/(-10)). Calculate the greatest common divisor of 438 and h.
6
Let r be 3 + -5 - (-28)/4. Suppose g - y = 65, -275 = -r*g + 3*y + 52. Calculate the greatest common factor of g and 12.
6
Suppose 0 = 16*b - 357*b - 177*b + 3606316. What is the highest common divisor of b and 708?
118
Suppose -4*x + 261 = 28*z - 23*z, -4*x = -4*z + 216. What is the greatest common factor of 6 and z?
1
Let d be 22*(1 + (-9)/((-27)/(-6))). Let z(k) = -k**3 - 21*k**2 + 14*k - 80. Let h be z(d). Calculate the greatest common factor of h and 64.
32
Let j(c) = 5*c - 26. Let d be j(6). Suppose -5*b - 112 = -m, 0*m = -d*b + 3*m - 83. Let z = b - -61. Calculate the highest common divisor of 342 and z.
38
Let l be 856/(-12) - 32/(-24). Let t = 78 + l. Calculate the highest common divisor of 132 and t.
4
Suppose 816*h = 99079 + 77177. Calculate the greatest common divisor of h and 5157.
27
Let s(j) = 41*j - 1304. Let d be s(48). What is the highest common divisor of 1411 and d?
83
Let t(n) = n**3 + 48*n**2 + 122*n - 555. Let b be t(-45). Suppose -4*i = 5*a - 410, 3*i = i + 3*a + 216. What is the greatest common divisor of b and i?
15
Suppose -15 = -3*p, -108*c + 107*c + 2*p + 2904 = 0. Calculate the highest common factor of 124 and c.
62
Let u(v) = 6*v**2 - 14*v - 19. Let t be u(-4). Calculate the highest common factor of 3952 and t.
19
Suppose 0 = 2*q + 8*o - 1234, -q + 4*o + 215 + 410 = 0. Calculate the greatest common factor of 8487 and q.
207
Let g(l) = 13*l**2 + l + 1. Let c be g(-3). Let n = 668 + -250. Let f be (-32)/144 + n/18. What is the greatest common factor of c and f?
23
Let l = 4447 + 391. Calculate the highest common factor of 164 and l.
82
Suppose 1387 = 17*z - 1979. What is the highest common factor of z and 88?
22
Let r(z) = z**3 - 8*z**2 - 3*z - 12. Let f be r(9). Let a = -12251 + 12587. What is the highest common factor of a and f?
42
Let y(l) = -2*l**3 + 2*l**2 - 2*l - 17. Let v be y(-5). Suppose -2*i + s = -443, -i - 4*s = 49 - v. What is the greatest common factor of 32 and i?
32
Let m(p) = -6*p. Let q be m(-2). Let g be 2/(2 + 1 + -1). Let x be ((-384)/(-28))/(g/7). What is the greatest common factor of x and q?
12
Let a = -232 - -222. Let v be 4/a - (-3841)/115. Let w = 1 + 2. Calculate the highest common divisor of v and w.
3
Let c = 21 + -10. Let x be (13 - (-11 - -5))/((-1)/(-11)). What is the highest common divisor of x and c?
11
Let y be (-155)/620 - (-1281)/4. Calculate the greatest common divisor of 15 and y.
5
Suppose g - 270 = -s, 37*s - 2*g = 32*s + 1322. What is the highest common divisor of s and 16226?
266
Let w(z) = 2*z**2 + 25*z + 106. Let b be w(-7). Calculate the greatest common factor of b and 4321.
29
Let q(s) = -557*s**3 + 566*s**3 - s + 0*s. Let d be q(1). Calculate the greatest common factor of 56 and d.
8
Let c(n) = n**3 - 18*n**2 + 33*n + 62. Let m be c(16). Suppose -2*o = -0*o - 52. What is the highest common divisor of o and m?
26
Let v = 2304 - 2115. What is the highest common factor of v and 315?
63
Suppose -10*h + 13 = -7. Suppose -h*w - 70 = -96. Let i(q) = 21*q - 1. Let c be i(5). What is the highest common divisor of c and w?
13
Let p(f) = 6*f**2 + 20*f - 24. Let j be p(-6). Calculate the highest common factor of 2664 and j.
72
Suppose -374 = 21*w - 1109. Calculate the greatest common divisor of 95 and w.
5
Let k be (-42180)/5*(-2)/(16/12). What is the greatest common divisor of k and 38?
38
Suppose 20 = -4*j + 8*u - 13*u, j = 2*u - 5. Let b be (-14 - -53) + 40/j. Calculate the highest common divisor of b and 279.
31
Suppose 5*j - d = 825 - 239, -2*j - 2*d = -232. Calculate the greatest common factor of j and 1443.
39
Let z be 28/63 + (-4)/(-36)*239. What is the greatest common divisor of 42 and z?
3
Suppose 0 = -61*n + 55*n - 54. Let t be n/((-18)/(-20))*12/(-10). What is the highest common factor of t and 18?
6
Let f = -992 - -1013. Suppose 143 = 7*d - 4. Calculate the highest common factor of d and f.
21
Let t(d) = -4*d - 1. Let s be t(-1). Suppose 32 = h + 2*m, -m - s*m - 132 = -5*h. What is the highest common divisor of h and 7?
7
Let o = -693 + 735. Calculate the greatest common divisor of 742 and o.
14
Let f(j) = 4 + 4*j - 8*j - 32. Let l be f(-7). Suppose 43*w - 44*w + 9 = l. Calculate the highest common factor of w and 27.
9
Let p(g) = -g + 15. Let j(s) = -2*s**2 - 43*s - 18. Let q be j(-21). Let y be p(q). Let w be 3/y + (-79)/(-4). What is the highest common factor of 60 and w?
20
Let k(s) = 6*s**2 - 4*s + 1. Let a(l) = l**3 - 6*l**2 + 4*l - 3. Let p(w) = -2*a(w) - 3*k(w). Let m be p(-4). What is the greatest common divisor of m and 2